. Determine q(427).
-11
Let s(m) = 19*m**2 - 1409*m - 370. What is s(74)?
-592
Let k(j) = 3*j**3 + 35*j**2 - 175*j - 2039. Determine k(-12).
-83
Let w(b) = -3*b**3 + 27*b**2 + 320*b + 38. What is w(16)?
-218
Let o(g) = 19331*g + 77310. Give o(-4).
-14
Let j(a) = 15821*a + 94910. Determine j(-6).
-16
Let x(h) = 96*h - 1498. Determine x(34).
1766
Let b(x) = 538*x - 27449. What is b(51)?
-11
Let a(k) = 56*k - 2072. Determine a(-47).
-4704
Let j(a) = -a**3 - 9*a**2 + 32*a + 11. Calculate j(6).
-337
Let n(w) = -w**2 - 147*w - 5598. Calculate n(-70).
-208
Let t(d) = -d**3 + 28*d**2 + 1078*d - 30155. What is t(33)?
-26
Let l(i) = -5*i**2 - 170*i + 556. Determine l(-48).
-2804
Let f(y) = 2208*y + 114702. What is f(-52)?
-114
Let m(f) = -42425*f - 1400020. What is m(-33)?
5
Let n(d) = -4*d**2 - 132*d + 36. What is n(-9)?
900
Let y(q) = -3*q**2 - 1048*q - 90024. Give y(-197).
5
Let j(v) = -50*v**2 + 985*v + 2475. Determine j(22).
-55
Let x(v) = 21844*v + 1223257. Give x(-56).
-7
Let s(x) = x**3 - 10*x**2 + 1840*x - 24425. Determine s(13).
2
Let m(h) = h**3 + 10*h**2 + 1619*h + 9569. What is m(-6)?
-1
Let x(u) = u**3 - 70*u**2 + 923*u + 682. Calculate x(52).
6
Let t(f) = -11*f**2 - 3274*f - 9813. What is t(-3)?
-90
Let z(s) = s**2 - 92*s - 3394. Give z(-28).
-34
Let y(j) = -j**2 - 1253*j - 2502. Determine y(-2).
0
Let p(o) = -19*o + 2076. What is p(144)?
-660
Let o(z) = z**3 + 87*z**2 + 90*z - 481. What is o(-86)?
-825
Let i(f) = f**3 + 49*f**2 + 107*f + 2166. Determine i(-48).
-666
Let l(m) = -53769*m - 483923. Give l(-9).
-2
Let u(z) = 10*z**3 - 414*z**2 - 1253*z. Give u(-3).
-237
Let m(l) = -l**2 - 33922*l - 237406. Calculate m(-7).
-1
Let o(b) = -235970*b - 1179847. Determine o(-5).
3
Let n(j) = 36*j**3 + 104*j**2 - 63*j - 221. Calculate n(-3).
-68
Let d(z) = -z**2 - 24*z + 193. What is d(-39)?
-392
Let z(o) = 3535*o**2 - 335823*o - 125. Calculate z(95).
65
Let b(n) = 72*n**3 - 3*n**2 - 2257*n - 4509. Calculate b(-2).
-583
Let s(i) = i**3 - 77*i**2 - 219*i - 133. Give s(-2).
-11
Let f(u) = -u**2 + 8843*u - 317062. Determine f(36).
-10
Let k(p) = p**3 - 73*p**2 + 53*p - 3853. Determine k(73).
16
Let d(x) = 1826*x - 28940. What is d(16)?
276
Let v(t) = -27*t**3 + 356*t**2 - 77*t + 120. Calculate v(13).
-36
Let a(z) = 2*z**3 - 13*z**2 - 5*z - 65. Give a(9).
295
Let h(j) = -j**2 + 250*j + 39293. Calculate h(-110).
-307
Let s(u) = 22255*u + 66217. Determine s(-3).
-548
Let i(v) = -14*v**3 + 4*v**2 + 21*v + 2. Give i(-3).
353
Let a(f) = 116*f + 3721. Determine a(-34).
-223
Let k(y) = -6*y**2 + 3282*y - 187963. Give k(482).
17
Let a(n) = n**2 + 4632*n - 144533. What is a(31)?
20
Let g(f) = -3*f**2 + 359*f - 9895. Give g(43).
-5
Let s(h) = 3*h**2 - 869*h + 18682. Give s(23).
282
Let j(u) = -350*u**2 - 32889*u + 1014. Calculate j(-94).
-20
Let s(o) = -o**2 - 8535*o + 239760. What is s(28)?
-4
Let w(c) = -6*c**3 + 4643*c**2 + 729*c + 34802. Calculate w(774).
-28
Let f(l) = 120*l - 33319. Calculate f(275).
-319
Let v(z) = -z**3 + 1399*z**2 + 8309*z - 730. Calculate v(-6).
-4
Let x(v) = -3*v**3 + 558*v**2 + 576*v - 590. Give x(187).
2215
Let n(q) = 2*q**3 + 57*q**2 - 121*q - 601. Determine n(-30).
329
Let m(y) = -2453*y - 12687. Determine m(-8).
6937
Let u(h) = -24*h - 486. Calculate u(-9).
-270
Let u(k) = -27125*k + 137411. Determine u(5).
1786
Let c(b) = 3*b**3 + 51*b**2 + 870*b + 14837. What is c(-17)?
47
Let z(x) = 54*x**3 - 6962*x**2 - 513*x - 362. Calculate z(129).
25
Let p(k) = k**3 + 15*k**2 - 124*k - 1750. Calculate p(-11).
98
Let q(r) = -1143*r + 46793. Give q(40).
1073
Let c(q) = q**3 - 8*q**2 - 47*q - 298. What is c(14)?
220
Let w(o) = o**3 + 55*o**2 + 66*o + 3618. What is w(-55)?
-12
Let l(g) = 108*g**2 + 258*g + 143. What is l(-3)?
341
Let r(y) = -38*y**3 - 24434*y**2 - 56*y - 36016. Give r(-643).
-8
Let g(u) = -21774*u + 587632. Give g(27).
-266
Let g(l) = 15*l**2 + 391*l - 388. Determine g(-27).
-10
Let w(f) = 2*f**3 + 234*f**2 - 241*f + 420. Give w(-118).
1010
Let t(f) = 755*f - 120655. Calculate t(160).
145
Let a(n) = 63765*n + 573880. What is a(-9)?
-5
Let x(z) = -z**3 - z**2 + 984*z - 19. Give x(0).
-19
Let r(v) = -7*v**2 - 600*v - 8762. Calculate r(-68).
-330
Let o(k) = 2*k**2 + 39*k - 23769. Determine o(100).
131
Let d(a) = -4*a - 1380. Calculate d(-61).
-1136
Let a(z) = 2*z**3 + 580*z**2 + 3213*z - 55386. Give a(-284).
-6
Let t(l) = l**3 + 439*l**2 - 1295*l + 13732. What is t(-442)?
30
Let n(o) = -76*o**2 + 22097*o + 5433. Determine n(291).
-96
Let m(d) = -d**3 - 105*d**2 + 233935*d - 3919. What is m(434)?
-13
Let m(s) = 11*s**2 + 1251*s + 13162. Give m(-102).
4
Let g(s) = -2*s**3 + 275*s**2 + 78*s + 2. Determine g(0).
2
Let m(b) = 9*b**3 - 1961*b**2 - 2189*b - 163. Give m(219).
56
Let h(a) = -10*a**2 + 12*a + 134. Determine h(-8).
-602
Let d(h) = -h**3 - 68*h**2 + 4455*h - 1544. Calculate d(-109).
-18
Let l(c) = -14*c**3 - 971*c - 970. Determine l(-1).
15
Let q(m) = -137*m - 9512. Give q(-65).
-607
Let g(w) = -9*w**3 + 157*w**2 + 90*w - 43. Determine g(18).
-43
Let m(v) = v**2 - 10290*v + 72058. Calculate m(7).
77
Let g(z) = -11*z**3 - 185*z**2 - 930*z - 16. Determine g(-5).
1384
Let t(w) = w**2 + 56*w - 1430. Determine t(-78).
286
Let b(m) = -6*m**2 + 236*m - 2872. Calculate b(12).
-904
Let k(u) = -3*u**2 - 165*u - 1289. What is k(-10)?
61
Let n(d) = -127*d**2 + 57150*d - 12. What is n(450)?
-12
Let f(k) = -1521*k - 53349. What is f(-35)?
-114
Let m(l) = -l**3 - 55*l**2 - 225*l - 129. Calculate m(-51).
942
Let b(f) = -2*f**2 - 567*f - 12325. Determine b(-24).
131
Let k(w) = 391*w - 14210. What is k(37)?
257
Let i(n) = -49940*n + 199797. Determine i(4).
37
Let x(d) = 2*d**3 + 16*d**2 + 385*d + 2603. Give x(-7).
6
Let c(q) = -q**3 + 36*q**2 + 784*q + 1249. Give c(-14).
73
Let f(k) = -24*k**3 - 66*k**2 - 208*k - 7. Give f(-3).
671
Let a(d) = -3262*d + 114188. Give a(35).
18
Let n(h) = 431*h - 18086. What is n(42)?
16
Let o(m) = -60030*m + 240092. Give o(4).
-28
Let i(u) = -10*u**3 - 3711*u**2 - 427*u - 20772. Calculate i(-371).
4
Let x(z) = 8*z**2 - 76*z + 238. What is x(4)?
62
Let t(m) = m**3 - 50*m**2 + 16*m + 112. Give t(0).
112
Let t(r) = -20*r**2 - 257*r + 47. Determine t(-12).
251
Let j(u) = -23544*u - 280673. Determine j(-12).
1855
Let d(w) = 6*w**2 + 531*w + 1578. What is d(-83)?
-1161
Let u(i) = -i**2 + 93*i + 1066. Determine u(-10).
36
Let w(z) = 23*z**3 - 379*z**2 + 525*z - 29. Determine w(15).
196
Let a(t) = 62*t**2 - 1070*t + 15. Calculate a(17).
-257
Let x(b) = -10*b**3 - 11*b**2 - 35*b - 50. What is x(-2)?
56
Let q(n) = -8671*n + 875777. What is q(101)?
6
Let b(p) = -p**2 + 132*p - 1181. Calculate b(121).
150
Let t(r) = -r**3 - 512*r**2 - 2044*r - 6197. Determine t(-508).
-101
Let u(m) = 2*m**3 + 77*m**2 + 135*m - 63. What is u(-37)?
-951
Let j(d) = -6*d**2 - 306*d - 1522. What is j(-5)?
-142
Let j(k) = -k**3 + 32*k**2 - 171*k - 244. Determine j(25).
-144
Let k(j) = -j**2 + 1971*j - 127446. What is k(67)?
122
Let l(h) = 19381*h - 154578. Give l(8).
470
Let t(k) = 145319*k + 581295. Give t(-4).
19
Let f(z) = 72*z - 2026. Give f(18).
-730
Let f(r) = 505*r + 90439. Determine f(-179).
44
Let k(r) = -4*r**2 - 3818*r - 260634. Determine k(-74).
-6
Let h(l) = 102*l**3 + 4*l**2 + 9*l - 8. Calculate h(-2).
-826
Let z(m) = -9*m**2 + 1221*m + 20783. What is z(151)?
-55
Let c(w) = -w**2 - 533*w - 21936. Calculate c(-45).
24
Let m(o) = o**3 + 10*o**2 + 105*o + 539. Determine m(-5).
139
Let f(r) = -10*r**2 + 9187*r - 115049. What is f(906)?
13
Let x(j) = 963*j**2 + 666*j + 716. Determine x(-1).
1013
Let a(r) = 1058*r - 41197. Determine a(39).
65
Let v(g) = 145*g**2 - 7529*g + 77. Determine v(52).
649
Let p(z) = -z**3 - 4*z**2 - 151*z - 1440. Give p(-8).
24
Let y(l) = -l**3 + 33*l**2 - 290*l + 458. Calculate y(14).
122
Let k(v) = v**3 - 31*v**2 - 75*v + 984. What is k(33)?
687
Let f(y) = -2*y**2 - 414*y - 14091. What is f(-42)?
-231
Let q(m) = -m**3 - 14*m**2 + 6*m - 139. Give q(-14).
-223
Let n(c) = -16538*c - 82581. What is n(-5)?
109
Let o(t) = -2*t**3 - 50*t**2 + 11*t + 190. Determine o(-26).
1256
Let y(f) = -647*f + 4137. What is y(6)?
255
Let d(w) = 4*w**2 - 5586*w - 119014. What is d(-21)?
56
Let j(v) = -45*v**3 - 12*v**2 - 169*v + 681. Calculate j(4).
-3067
Let z(o) = 20*o**2 - 690*o + 5155. What is z(11)?
-15
Let q(d) = d**2 +